t w be 50/2 - (-3 + 4). Let k be w/15 - 6/(-15). Suppose -121 = -4*v - 5*i, k*v - 43 = -0*v + i. What are the prime factors of v?
2, 3
Suppose 5*l = 4*n, -4*l - 4*n + 32 = -l. Let u be (6/8)/(l/16). Suppose -4*o + 5*d + 108 = 14, o - u*d = 20. List the prime factors of o.
2, 13
Suppose 5*v = 2*v + 6. Let r(f) = 3*f**2 + 14*f + 6. Let k be r(-6). Suppose m + 3*w = k, 6*w - v*w = 4*m - 40. List the prime factors of m.
3, 5
Suppose 290 - 1199 = -d - 2*x, 4*x = 2*d - 1850. List the prime factors of d.
7, 131
Suppose i - 628 = 268. List the prime factors of i.
2, 7
Let v = 21 - 10. Suppose v = 2*j - 127. What are the prime factors of j/5 + (-5)/(-25)?
2, 7
Let z be (5 - (2 + -3))*(-22)/22. Let k(h) = 5*h**2 + h + 19. List the prime factors of k(z).
193
Let m = 164 - 103. List the prime factors of m.
61
Let q(t) = 27*t**2 - 8*t + 87. List the prime factors of q(9).
2, 3, 367
Let f be 1*((-30)/(-3))/2. Suppose 0*d - 61 = -f*d - 2*h, -d = -h - 8. Suppose 9*l - d*l = -32. What are the prime factors of l?
2
List the prime factors of 4635/4 + 121/(-44) + 2.
2, 3, 193
Suppose 4*m = 4*v - 44, 13 = 4*m - 3. Let s(r) = 4*r - 8. List the prime factors of s(v).
2, 13
Let v(l) = -2*l**3 - 8*l**2 - 26*l - 6. Let z be v(-11). What are the prime factors of z/30 + (-4)/5?
5, 13
Let p(v) = 18*v**2 + 2*v - 10. What are the prime factors of p(-7)?
2, 3, 11, 13
Suppose -2*q + 493 + 2359 = 0. What are the prime factors of q?
2, 23, 31
Suppose 4*d = d + 372. Let v = 248 - 234. Suppose 5*n - d + v = 0. List the prime factors of n.
2, 11
Suppose 2*u - v = -2*v + 13, -3*v = 4*u - 31. Suppose 158 = -u*c - 266. List the prime factors of c/(-4) - (-9)/18.
3
Let x(r) = -r**2 + 11*r - 15. Let n be x(9). Let c = 46 + n. What are the prime factors of c?
7
Let d(j) = j**2 - 14. What are the prime factors of d(-13)?
5, 31
Let y(l) = l - 4. Let j be y(6). Suppose 0 = -v - 3*w + 63, j*w + 2 = -0*w. What are the prime factors of v?
2, 3, 11
Suppose x - 4*t - 1931 = 0, 9*x = 14*x - t - 9731. List the prime factors of x.
3, 11, 59
Suppose -3*n - k + 502 = 0, 0*k = -n - 2*k + 169. What are the prime factors of n?
167
Suppose 66 + 172 = 2*m. Suppose 2*x + m = i - 2*x, 0 = 5*i - x - 538. List the prime factors of i.
107
Let y(u) = -3*u + 1. Let s be y(5). Let t = 10 + s. List the prime factors of t/(-20) + 36/20.
2
Let a = -602 + 1153. List the prime factors of a.
19, 29
Let j = -60 + 56. List the prime factors of ((j - -8) + 398)*2/6.
2, 67
Let n(j) = 2*j**2 + j. Let i be n(-3). Let o = i - -71. What are the prime factors of o?
2, 43
Suppose 3*b + b - 3*m = 20, m = 5*b - 36. Suppose -b*o = -13*o + 170. List the prime factors of o.
2, 17
Let i(a) = 336*a - 33. What are the prime factors of i(7)?
3, 773
Let g(x) = -9*x - 5. Let s(d) = 343*d + 189. Let y be 3 - (-72 + 1 + -3). Let j(h) = y*g(h) + 2*s(h). What are the prime factors of j(-4)?
3, 7
Let t be (-280)/36 - (-4)/(-18). Let q(z) = z**2 + 8*z + 4. Let n be q(t). Let s = 9 + n. What are the prime factors of s?
13
Let o(p) = -31*p - 17. Let f be o(5). Let w = f - -250. What are the prime factors of w?
2, 3, 13
Let f(i) = -103*i**3 - i**2 + 1. Let t = 32 + -33. List the prime factors of f(t).
103
Let i = -239 - -265. Suppose 70 = -x + 6*x. Let u = x + i. What are the prime factors of u?
2, 5
List the prime factors of 1306/10 - 66/110.
2, 5, 13
Let l(v) = 28*v - 5. Let r be l(1). Suppose 3*n - p + 15 = 2*p, 3*n = -3*p - 33. Let g = r + n. List the prime factors of g.
3, 5
Suppose -18 = -3*r + r. Let q = r + 37. What are the prime factors of q?
2, 23
Let j(z) be the first derivative of -z**4/4 - z**2 + 177*z + 6. List the prime factors of j(0).
3, 59
Suppose 2*o + 481 = 3*b, 2*o - 497 = -3*b - 0*o. Let n = -74 + b. List the prime factors of n.
89
Let d(n) = -51*n - 142. Let j(r) = -25*r - 70. Let g(c) = -4*d(c) + 9*j(c). What are the prime factors of g(-14)?
2, 29
Let q be 12*25/10*(-1)/2. List the prime factors of 94*(q/10)/(-1 - 2).
47
Let y(a) = 6*a**3 - 2*a**2 - 13*a + 16. List the prime factors of y(7).
5, 13, 29
Suppose -18 = 5*r - 5*m + 37, 2*m = r + 12. Let f(g) = -g**3 - 9*g**2 + 9*g + 9. What are the prime factors of f(r)?
19
Let r(j) = j + 10. Let c(a) = 3*a - 3. Let b be c(4). Let h be 6*(2 + (-30)/b). What are the prime factors of r(h)?
2
Let a(f) = -190*f + 55. Let o(d) = 7*d - 2. Let n(w) = -2*a(w) - 55*o(w). Suppose -60*k - 8 = -58*k. List the prime factors of n(k).
2, 5
Suppose i + 15 = -3*l, -2*l - 3*i - 21 = -6*i. Let u be 82/l + 2/3. Let z = 5 - u. What are the prime factors of z?
2, 3
Let o = 106 - -373. What are the prime factors of o?
479
Let h(i) = i**2 - 3*i + 5. Let u be h(2). Suppose 0 = -2*b - b - u*x + 129, 5*b - 4*x - 251 = 0. List the prime factors of b.
47
What are the prime factors of 45391/38 + (-1)/2?
2, 3, 199
Let m(a) = -3*a**3 - 9*a**2 - 9*a - 89. List the prime factors of m(-11).
2, 31, 47
Let o be 2/(3/(0 + 111)). Let a = 9 + o. What are the prime factors of a?
83
Let u(h) = 329*h**2 - 7*h + 7. List the prime factors of u(1).
7, 47
Suppose -22 - 18 = -4*b. Suppose -11*q + b*q + 27 = 0. List the prime factors of q.
3
Let j = -4 + 8. Suppose -s - 10 = -i, j*s + 34 = 5*i - 15. List the prime factors of 39/i - 6/(-9).
5
Suppose 7*u + 72 = u. List the prime factors of ((-30)/(-1))/(u/(-64)).
2, 5
Let l = -19 + 24. Let d(c) = 9*c - 7. List the prime factors of d(l).
2, 19
Let p(c) = -c + 11. Let d be p(11). Suppose -2*y + v + 4*v + 74 = d, -y = -4*v - 31. What are the prime factors of y?
47
Let p = 1 - -27. Let d = p - 7. List the prime factors of 9/(d/6 - 3).
2, 3
Let r = -8 + 20. Let o = 15 + r. List the prime factors of o.
3
Let n = 2460 - 1315. What are the prime factors of n?
5, 229
Suppose 13*f - 29*f + 19584 = 0. What are the prime factors of f?
2, 3, 17
Let u = 28 - 8. Suppose 0 = 5*s - 0*s - u. Suppose 2*n + s*j - 137 = -n, 2*j = -4*n + 186. What are the prime factors of n?
47
Let g(s) = -18 + 5*s + 13 + 8 - 2*s. Let t be (0 - -1)/(1/7). What are the prime factors of g(t)?
2, 3
Suppose 2*f + 2*w - 2 = 0, -2*w - 9 = -f - w. Suppose f*r + 4*i - 65 = 18, -2*i = -3*r + 41. List the prime factors of r.
3, 5
Let f(r) = -r**2 - 5*r - 4. Let k be f(-2). Suppose -k*w + 380 = -0*w. What are the prime factors of w?
2, 5, 19
Let x(l) = -l + 21. Let z = 147 + -97. Suppose 2*n + z = -4*k, k + 3 = 4*n - 23. List the prime factors of x(k).
5, 7
Let j = -1167 - -1806. What are the prime factors of j?
3, 71
Let c(p) = 2*p**2 - 12*p**3 - 6*p**2 + 5*p**3 - 2*p. List the prime factors of c(-2).
2, 11
Suppose 3 = 3*k - 0*k. Suppose 12*s - 116 = 76. Let v = s + k. What are the prime factors of v?
17
Let m(u) = -u**2 + 11*u - 12. Let c(v) = -3*v - 15. Let i be c(-6). List the prime factors of m(i).
2, 3
Suppose 510 + 1076 = 4*y + 2*b, 0 = -3*y - b + 1189. What are the prime factors of y?
2, 3, 11
Let z(v) be the third derivative of -v**4/4 + 13*v**3/2 + 24*v**2. List the prime factors of z(6).
3
Suppose -3*j - 599 - 903 = -2*g, 0 = -5*g + 3*j + 3755. List the prime factors of g.
751
Suppose -28*o = -3*o - 17425. List the prime factors of o.
17, 41
Suppose -522 = -2*p + 2*r, -5*p + r = -406 - 899. What are the prime factors of p?
3, 29
Let a = 3874 - 1823. List the prime factors of a.
7, 293
Suppose -4*d + 9*d - 1735 = 0. Suppose d + 2318 = 13*g. List the prime factors of g.
5, 41
Suppose -3*k - 3*j + 980 = -517, -k + 493 = -2*j. List the prime factors of k.
7, 71
Let l(v) = 71*v**2 - 37*v - 12. What are the prime factors of l(6)?
2, 3, 43
Suppose 2*s - 9 + 3 = 0. Suppose s*v - 4*b - 9 - 9 = 0, 0 = -2*b + 6. What are the prime factors of v?
2, 5
Suppose 2*z + 208 = -3*c, 0 = -c - c + 5*z - 107. List the prime factors of (-6)/33 - 1398/c.
3, 7
Let q(u) be the first derivative of 5*u**3/3 + 17*u**2/2 - 6*u - 52. List the prime factors of q(4).
2, 71
Let h be (-4)/(-6)*63/14. Let k = -11 - -11. Suppose k = -h*f + 69 - 18. What are the prime factors of f?
17
Let n be (-2 + (4 - 3))*-3. Suppose -2*u + 4*a = -552, -8*a + 1065 = 4*u - n*a. List the prime factors of u.
2, 3, 5
List the prime factors of (-1)/(-11) + (-870849)/(-231).
2, 5, 13, 29
Suppose -375 = -2*c - 2*b + 2027, -3*c + 3*b + 3597 = 0. What are the prime factors of c?
2, 3, 5
Let r(f) = -3*f**3 + 6*f**2 + 11*f - 21. Let t(w) = 2. Let y(i) = -r(i) - 5*t(i). Wha